d 7.
7
Suppose 25*n = 21*n - 36. Let t be (306/n)/(-2*1). Let k = 255 + -136. What is the greatest common divisor of t and k?
17
Let g(x) = 10*x + 6. Let m be g(11). Suppose -4*v + m = o, 3*o - 5*o - 3*v = -212. Let h be (-5 - -2)/((-12)/o). What is the highest common divisor of h and 50?
25
Let y be 2 - (2 - 2 - 39). Suppose 4*z + 5*s = -0*s + 249, z = 3*s + y. Suppose 5*d - d = z. What is the greatest common divisor of 21 and d?
7
Let k be (-60)/4 + 3*4/(-4). Let x be ((0 - -2) + -4)*9/k. What is the greatest common factor of 11 and x?
1
Let q be 258/13 - (-142)/923. What is the highest common divisor of q and 60?
20
Let r(s) = -5*s**3 - s. Let x be r(1). Let v be 2/x - 301/(-21). Let m = v - 4. Calculate the highest common factor of m and 2.
2
Let v(n) = -n**2 - 13*n - 7. Let k be v(-5). Calculate the highest common factor of 3 and k.
3
Let t be 5/((-15)/(-117))*1. Let c be ((-520)/t)/((-1)/3). Let g(f) = 2*f**2 - 2*f + 1. Let d be g(2). What is the highest common factor of d and c?
5
Let j be 1*(-2584)/(-34)*(-6)/(-4). What is the highest common factor of j and 285?
57
Suppose -3*h - 5*w = 46, -3*w = 5*h - 4*w + 58. Let k be ((-1)/3)/((5 + h)/525). What is the greatest common factor of 275 and k?
25
Suppose 3*q - r - 4*r - 2519 = 0, -25 = -5*r. Let w be q/16 - (1 - 3). Calculate the greatest common divisor of w and 5.
5
Suppose -12 = -2*m + 22. What is the highest common divisor of 799 and m?
17
Let h = 501 - 475. What is the greatest common divisor of h and 8?
2
Let p be 189/14*(1 + 1). Let x be (42/9)/(9/p). What is the highest common factor of 154 and x?
14
Let j(r) = 25*r - 1. Let w be j(2). What is the greatest common factor of 21 and w?
7
Suppose 0 = -4*i - 34 - 10. Let s(k) = k**3 + 11*k**2 - k + 35. Let q be s(i). Calculate the greatest common factor of q and 184.
46
Let h be 9*(3 + 10/(-3)) - -267. What is the highest common factor of h and 24?
24
Suppose 56*q - 58*q - 4*l + 264 = 0, 0 = q + 3*l - 130. What is the highest common divisor of q and 119?
17
Suppose 5*z + 56 = 3*j, j - 64 = -4*j + z. Suppose -204 = 9*o - 60*o. What is the highest common factor of j and o?
4
Suppose 0 = -5*y - 15 + 145. Let r(s) = -9*s**2 + 73*s - 57. Let h be r(7). What is the greatest common divisor of y and h?
13
Let l(v) = -v**3 + 7*v**2 + 2*v - 6. Let m be l(7). Suppose -160 = 9*j + 119. Let w be (-1)/2*(-5 + 3) - j. Calculate the highest common factor of m and w.
8
Let b be -2 - 6 - (-4)/(-1). Let v be (b/15)/((-4)/(-110)). Let i = v - -36. What is the greatest common divisor of i and 126?
14
Let f(v) = v**3 - 3*v**2 + v + 7. Let o = 52 - 49. Let t be f(o). Calculate the greatest common divisor of t and 10.
10
Let l(x) = 4*x - 37. Let k be l(10). Suppose -k*d = 3*z - 128 - 13, 4*d - 230 = -5*z. Calculate the highest common factor of 6 and z.
6
Let r(j) = 3*j**3 - 4*j**2 - 13*j + 30. Let q be r(2). What is the highest common factor of q and 76?
4
Suppose -3205 - 3419 = -92*u. Suppose -19 = -2*m - 1. Calculate the highest common divisor of u and m.
9
Let f be (-4)/(-14) + (-834)/(-21). Suppose -63 = 9*o - 35 - 244. Calculate the greatest common factor of o and f.
8
Let j(p) be the third derivative of -17*p**4/24 - 5*p**3/2 + 4*p**2. Let y be j(-5). What is the greatest common factor of y and 10?
10
Let r = 1400 + -1350. Calculate the highest common divisor of 10 and r.
10
Suppose 14*y = 11*y + 57. Let q = -14 + 9. Let v = 81 + q. What is the highest common factor of v and y?
19
Suppose -51*j = -53*j + 36. Let a be (1 - 1)/1 + 0. Suppose 3*l + 5*p = 23, -l - 2*p + 8 + a = 0. What is the highest common divisor of l and j?
6
Suppose -132 - 10926 = -38*t. Calculate the highest common factor of t and 6.
3
Let o be (4/(-14) + (-5120)/(-280))*18. Calculate the highest common divisor of o and 90.
18
Let f = 370 - 258. What is the highest common factor of 80 and f?
16
Let c = 10 + -14. Let p be (6 - -1) + c/1. Let u be (-3 - 1)*(p - 5). What is the highest common divisor of u and 32?
8
Let s(m) = -m**3 + 17*m**2 - 52*m + 32. Let w be s(13). Calculate the highest common factor of 104 and w.
8
Let k(y) be the first derivative of y**4/4 - 2*y**3 - 11*y**2/2 + 2*y - 12. Let m be k(8). What is the highest common divisor of 6 and m?
6
Suppose -169 = -8*a + 231. Suppose -5*z = 2*q - 83, 0 = -2*z - 2*q - 3*q + a. Calculate the greatest common factor of 30 and z.
15
Let v = -30 - -50. Let l be (v/12)/(3/9). Suppose l*o + 104 = 9*o. Calculate the highest common divisor of 286 and o.
26
Let l(b) = b**3 - 4*b**2 - 9*b - 4. Suppose -9*k + 13*k = 16. Suppose -2*u + k = -10. Let w be l(u). Calculate the highest common divisor of w and 8.
8
Let k = -111 + 70. Let c = 47 + k. Calculate the greatest common factor of 66 and c.
6
Suppose -5*o - 4*c = -381 - 543, c + 551 = 3*o. What is the highest common factor of o and 828?
92
Let u = -13 + 0. Let n = u + 19. Suppose n = o + 2*g - 0, g = -5*o + 21. What is the greatest common factor of o and 2?
2
Suppose -5*x + 5 = -4*x. Let m = 6 - x. What is the greatest common factor of 9 and m?
1
Suppose -3*c - 1 = -4*c. Let b be c + (-634)/(-4) + 1/2. Calculate the highest common factor of 40 and b.
40
Suppose 12 = 4*f - 2*g, f - 2*g + 12 = 5*f. Suppose -f*a + 80 = -2*i, -3*i = -2*a + 2*i + 46. Calculate the greatest common factor of 70 and a.
14
Let u be (2/6)/((-5)/(-90)). Let x be (3 + -5 - -4)*13. Suppose -4*j = -46 - x. What is the highest common divisor of u and j?
6
Let t be (-16)/(-6)*(-6)/(-4). Let b(l) = 21*l - 51. Let j be b(6). Let i = -73 + j. What is the greatest common factor of t and i?
2
Let l(d) = 4*d - 24. Suppose -14*p = -18*p + 60. Let r be l(p). What is the highest common factor of 12 and r?
12
Suppose 7*c - 5*c - 10 = 0. Suppose c*l = -5*f + f + 370, f + l - 92 = 0. What is the greatest common divisor of f and 15?
15
Let o(m) = -m**3 + 12*m**2 + 2*m - 3. Let x be o(12). Let f be 330/(-35) + 6/14. Let k be 1 + 65 + f + 6. Calculate the highest common divisor of k and x.
21
Suppose 7*d + 36 = 4768. What is the greatest common factor of d and 52?
52
Let i = 39 + -11. Suppose 5*o + 8 + 17 = 0, -5*u - 2*o = -3725. Suppose -4*h + 261 = -u. What is the highest common divisor of h and i?
28
Let r be 108/14 - 48/(-168). Calculate the highest common factor of r and 4.
4
Let v = 18 - 14. Suppose -3 = -v*h + 61. Calculate the greatest common divisor of h and 176.
16
Suppose 3*d - 5*d + 432 = 4*g, 0 = -3*d. Suppose w - 52 = g. What is the greatest common factor of w and 64?
32
Suppose s + 15 = 3*j, -16*j = -11*j - 5*s - 35. What is the highest common factor of 26 and j?
2
Let p(r) = -r**3 + 6*r**2 - r + 6. Let k be p(6). Suppose k = 2*f + 13 + 7. Let q be ((-20)/(-3))/(f/(-45)). Calculate the greatest common factor of q and 75.
15
Let t be (0 - 1)*(-180 + 2). Let r = t - 173. Suppose -p - c + 5 = 0, 4*p - 2*c = 3*c + 65. What is the highest common divisor of p and r?
5
Suppose 3*j - 3*v - 24 = 0, 7*j - 3*j - 2 = -2*v. Suppose j*i - 27 = 3*s, 2*i - 25 = 4*s + 3. Let y = -7 + 17. Calculate the highest common divisor of y and i.
2
Let c = 64 + -54. What is the greatest common divisor of 2 and c?
2
Suppose 0 = -4*k + d + 4149, 22*d = k + 23*d - 1031. Calculate the highest common factor of k and 37.
37
Let u be ((-1)/(-1))/((-1)/6). Let w be -5 + ((12/(-1))/3 - -7). Let m be ((-22)/u)/(w/(-66)). What is the greatest common divisor of m and 11?
11
Let z = 19 + -7. Suppose -82 = -4*r - 2*y + 8, y = -5*r + 117. Calculate the highest common factor of z and r.
12
Let a = -1 + 3. Let b be (-6)/(-2 - (-42)/30). Calculate the highest common factor of a and b.
2
Let b = -107 - -410. Suppose 177 + b = -4*n. Let c be 6/((-9)/n*2). What is the greatest common factor of 8 and c?
8
Let i = 188 + -176. Calculate the greatest common divisor of 84 and i.
12
Let m = -7 + 11. Suppose 5*z - 84 = -4*t, -84 = -4*z - 49*t + 50*t. What is the highest common divisor of z and m?
4
Let c(k) = -k**2 + 17. Let t be c(0). Let v(o) = -46*o + 211. Let n be v(2). Calculate the highest common factor of n and t.
17
Let q(v) = -8*v**2 + 2*v - 11. Let n(m) = -m**3 - m**2 - m. Let z(p) = -n(p) + q(p). Let i be z(7). What is the highest common divisor of 2 and i?
2
Let t = 159 + -69. Let f(s) = s**2 - 20*s + 36. Let p be f(20). Calculate the highest common divisor of 